{"id":32142,"date":"2022-01-19T14:06:01","date_gmt":"2022-01-19T13:06:01","guid":{"rendered":"https:\/\/www.berriozar.es\/?post_type=eventos&#038;p=32142"},"modified":"2022-01-19T14:06:01","modified_gmt":"2022-01-19T13:06:01","slug":"musika-anitz-urtez","status":"publish","type":"eventos","link":"https:\/\/www.berriozar.es\/eu\/eventos\/musika-anitz-urtez\/","title":{"rendered":"Musika &#8220;Anitz urtez"},"content":{"rendered":"<p><strong>\u00a0Ache pa Ti taldea<\/strong><\/p>\n<p>Kontzertua<\/p>\n<p><strong>Kideak<\/strong>: Ferm\u00edn Go\u00f1i: txistu eta tronpeta ; Jose Ram\u00f3n Garc\u00eda: pianoa eta moldaketak ; Jokin Zabalza: baxu elektrikoa ; Andoni Zugasti: congak eta perkusioa ; Dani Arias: bateria<\/p>\n<p>&#8216;ACHE&#8217; Afrikako yoruba hizkuntzako hitz bat da, Karibe aldean erabiltzen dena. &#8216;Ache pa ti&#8217; esamoldea zorte on, oparotasun eta zoriontasun nahia litzateke, musika latinoan oso presente dagoena. Ache pa ti taldea 2002an sortu zen, ibilbide luzeko eta jatorri desberdinetako (klasikoa, jazza, folklorea) 5 musikari nafar elkartu zirenean.<\/p>\n<ul>\n<li>Sarreren salmenta atarian edo txarteldegian, emanaldiaren egunean bertan 18:00etatik aurrera, on line saldu gabeko sarrerentzat.<\/li>\n<\/ul>\n","protected":false},"featured_media":32141,"comment_status":"closed","ping_status":"closed","template":"","meta":{"_wpml_word_count":["{\"total\":0,\"to_translate\":{\"eu\":2,\"es\":2}}"],"_edit_lock":["1642597430:13048"],"_edit_last":["13048"],"dias":[";20-2-2022;"],"event_date":["1645315200"],"event_date1":["1645315200"],"event_horario_fin":[""],"event_horario_inicio":[""],"event_location":["9502"],"imagenslia":[""],"autor_o":[""],"boton1":[""],"boton1u":[""],"event_ext":[""],"event_horario":["19:00etan"],"fechas":[""],"importe":[""],"inscripcion":[""],"nota":[""],"ponente":[""],"_wpml_media_featured":["1"],"_wpml_media_duplicate":["1"],"_last_translation_edit_mode":["native-editor"],"_thumbnail_id":["32141"],"botonve":["Sarreren salmenta"],"botonveu":["https:\/\/es.patronbase.com\/_BerriozarEu\/Productions"],"_yoast_wpseo_primary_categoriaeventos":["103"],"_yoast_wpseo_content_score":["60"],"_yoast_wpseo_estimated-reading-time-minutes":[""]},"yoast_head":"<!-- This site is optimized with the Yoast SEO plugin v22.8 - https:\/\/yoast.com\/wordpress\/plugins\/seo\/ -->\r\n<title>Musika &quot;Anitz urtez - Ayuntamiento de Berriozar \/ Berriozarko Udala<\/title>\r\n<meta name=\"robots\" content=\"index, follow, max-snippet:-1, max-image-preview:large, max-video-preview:-1\" \/>\r\n<link rel=\"canonical\" href=\"https:\/\/www.berriozar.es\/eventos\/musica-anitz-urtez\/\" \/>\r\n<meta property=\"og:locale\" content=\"eu_ES\" \/>\r\n<meta property=\"og:type\" content=\"article\" \/>\r\n<meta property=\"og:title\" content=\"Musika &quot;Anitz urtez - Ayuntamiento de Berriozar \/ Berriozarko Udala\" \/>\r\n<meta property=\"og:description\" content=\"\u00a0Ache pa Ti taldea Kontzertua Kideak: Ferm\u00edn Go\u00f1i: txistu eta tronpeta ; Jose Ram\u00f3n Garc\u00eda: pianoa eta moldaketak ; Jokin Zabalza: baxu elektrikoa ; Andoni Zugasti: congak eta perkusioa ; Dani Arias: bateria &#8216;ACHE&#8217; Afrikako yoruba hizkuntzako hitz bat da, Karibe aldean erabiltzen dena. &#8216;Ache pa ti&#8217; esamoldea zorte on, oparotasun eta zoriontasun nahia litzateke, [&hellip;]\" \/>\r\n<meta property=\"og:url\" content=\"https:\/\/www.berriozar.es\/eventos\/musica-anitz-urtez\/\" \/>\r\n<meta property=\"og:site_name\" content=\"Ayuntamiento de Berriozar \/ Berriozarko Udala\" \/>\r\n<meta property=\"og:image\" content=\"https:\/\/www.berriozar.es\/wp-content\/uploads\/2022\/01\/agenda_achepati.jpg\" \/>\r\n\t<meta property=\"og:image:width\" content=\"567\" \/>\r\n\t<meta property=\"og:image:height\" content=\"340\" \/>\r\n\t<meta property=\"og:image:type\" content=\"image\/jpeg\" \/>\r\n<meta name=\"twitter:card\" content=\"summary_large_image\" \/>\r\n<script type=\"application\/ld+json\" class=\"yoast-schema-graph\">{\"@context\":\"https:\/\/schema.org\",\"@graph\":[{\"@type\":\"WebPage\",\"@id\":\"https:\/\/www.berriozar.es\/eventos\/musica-anitz-urtez\/\",\"url\":\"https:\/\/www.berriozar.es\/eventos\/musica-anitz-urtez\/\",\"name\":\"Musika \\\"Anitz urtez - Ayuntamiento de Berriozar \/ Berriozarko Udala\",\"isPartOf\":{\"@id\":\"https:\/\/www.berriozar.es\/#website\"},\"primaryImageOfPage\":{\"@id\":\"https:\/\/www.berriozar.es\/eventos\/musica-anitz-urtez\/#primaryimage\"},\"image\":{\"@id\":\"https:\/\/www.berriozar.es\/eventos\/musica-anitz-urtez\/#primaryimage\"},\"thumbnailUrl\":\"https:\/\/www.berriozar.es\/wp-content\/uploads\/2022\/01\/agenda_achepati.jpg\",\"datePublished\":\"2022-01-19T13:06:01+00:00\",\"dateModified\":\"2022-01-19T13:06:01+00:00\",\"breadcrumb\":{\"@id\":\"https:\/\/www.berriozar.es\/eventos\/musica-anitz-urtez\/#breadcrumb\"},\"inLanguage\":\"eu-ES\",\"potentialAction\":[{\"@type\":\"ReadAction\",\"target\":[\"https:\/\/www.berriozar.es\/eventos\/musica-anitz-urtez\/\"]}]},{\"@type\":\"ImageObject\",\"inLanguage\":\"eu-ES\",\"@id\":\"https:\/\/www.berriozar.es\/eventos\/musica-anitz-urtez\/#primaryimage\",\"url\":\"https:\/\/www.berriozar.es\/wp-content\/uploads\/2022\/01\/agenda_achepati.jpg\",\"contentUrl\":\"https:\/\/www.berriozar.es\/wp-content\/uploads\/2022\/01\/agenda_achepati.jpg\",\"width\":567,\"height\":340,\"caption\":\"agenda_achepati\"},{\"@type\":\"BreadcrumbList\",\"@id\":\"https:\/\/www.berriozar.es\/eventos\/musica-anitz-urtez\/#breadcrumb\",\"itemListElement\":[{\"@type\":\"ListItem\",\"position\":1,\"name\":\"Portada\",\"item\":\"https:\/\/www.berriozar.es\/\"},{\"@type\":\"ListItem\",\"position\":2,\"name\":\"Eventos\",\"item\":\"https:\/\/www.berriozar.es\/eventos\/\"},{\"@type\":\"ListItem\",\"position\":3,\"name\":\"Musika \u00abAnitz urtez\"}]},{\"@type\":\"WebSite\",\"@id\":\"https:\/\/www.berriozar.es\/#website\",\"url\":\"https:\/\/www.berriozar.es\/\",\"name\":\"Ayuntamiento de Berriozar \/ Berriozarko Udala\",\"description\":\"Ayuntamiento de Berriozar \/ Berriozarko Udala\",\"potentialAction\":[{\"@type\":\"SearchAction\",\"target\":{\"@type\":\"EntryPoint\",\"urlTemplate\":\"https:\/\/www.berriozar.es\/?s={search_term_string}\"},\"query-input\":\"required name=search_term_string\"}],\"inLanguage\":\"eu-ES\"}]}<\/script>\r\n<!-- \/ Yoast SEO plugin. -->","yoast_head_json":{"title":"Musika \"Anitz urtez - Ayuntamiento de Berriozar \/ Berriozarko Udala","robots":{"index":"index","follow":"follow","max-snippet":"max-snippet:-1","max-image-preview":"max-image-preview:large","max-video-preview":"max-video-preview:-1"},"canonical":"https:\/\/www.berriozar.es\/eventos\/musica-anitz-urtez\/","og_locale":"eu_ES","og_type":"article","og_title":"Musika \"Anitz urtez - Ayuntamiento de Berriozar \/ Berriozarko Udala","og_description":"\u00a0Ache pa Ti taldea Kontzertua Kideak: Ferm\u00edn Go\u00f1i: txistu eta tronpeta ; Jose Ram\u00f3n Garc\u00eda: pianoa eta moldaketak ; Jokin Zabalza: baxu elektrikoa ; Andoni Zugasti: congak eta perkusioa ; Dani Arias: bateria &#8216;ACHE&#8217; Afrikako yoruba hizkuntzako hitz bat da, Karibe aldean erabiltzen dena. &#8216;Ache pa ti&#8217; esamoldea zorte on, oparotasun eta zoriontasun nahia litzateke, [&hellip;]","og_url":"https:\/\/www.berriozar.es\/eventos\/musica-anitz-urtez\/","og_site_name":"Ayuntamiento de Berriozar \/ Berriozarko Udala","og_image":[{"width":567,"height":340,"url":"https:\/\/www.berriozar.es\/wp-content\/uploads\/2022\/01\/agenda_achepati.jpg","type":"image\/jpeg"}],"twitter_card":"summary_large_image","schema":{"@context":"https:\/\/schema.org","@graph":[{"@type":"WebPage","@id":"https:\/\/www.berriozar.es\/eventos\/musica-anitz-urtez\/","url":"https:\/\/www.berriozar.es\/eventos\/musica-anitz-urtez\/","name":"Musika \"Anitz urtez - Ayuntamiento de Berriozar \/ Berriozarko Udala","isPartOf":{"@id":"https:\/\/www.berriozar.es\/#website"},"primaryImageOfPage":{"@id":"https:\/\/www.berriozar.es\/eventos\/musica-anitz-urtez\/#primaryimage"},"image":{"@id":"https:\/\/www.berriozar.es\/eventos\/musica-anitz-urtez\/#primaryimage"},"thumbnailUrl":"https:\/\/www.berriozar.es\/wp-content\/uploads\/2022\/01\/agenda_achepati.jpg","datePublished":"2022-01-19T13:06:01+00:00","dateModified":"2022-01-19T13:06:01+00:00","breadcrumb":{"@id":"https:\/\/www.berriozar.es\/eventos\/musica-anitz-urtez\/#breadcrumb"},"inLanguage":"eu-ES","potentialAction":[{"@type":"ReadAction","target":["https:\/\/www.berriozar.es\/eventos\/musica-anitz-urtez\/"]}]},{"@type":"ImageObject","inLanguage":"eu-ES","@id":"https:\/\/www.berriozar.es\/eventos\/musica-anitz-urtez\/#primaryimage","url":"https:\/\/www.berriozar.es\/wp-content\/uploads\/2022\/01\/agenda_achepati.jpg","contentUrl":"https:\/\/www.berriozar.es\/wp-content\/uploads\/2022\/01\/agenda_achepati.jpg","width":567,"height":340,"caption":"agenda_achepati"},{"@type":"BreadcrumbList","@id":"https:\/\/www.berriozar.es\/eventos\/musica-anitz-urtez\/#breadcrumb","itemListElement":[{"@type":"ListItem","position":1,"name":"Portada","item":"https:\/\/www.berriozar.es\/"},{"@type":"ListItem","position":2,"name":"Eventos","item":"https:\/\/www.berriozar.es\/eventos\/"},{"@type":"ListItem","position":3,"name":"Musika \u00abAnitz urtez"}]},{"@type":"WebSite","@id":"https:\/\/www.berriozar.es\/#website","url":"https:\/\/www.berriozar.es\/","name":"Ayuntamiento de Berriozar \/ Berriozarko Udala","description":"Ayuntamiento de Berriozar \/ Berriozarko Udala","potentialAction":[{"@type":"SearchAction","target":{"@type":"EntryPoint","urlTemplate":"https:\/\/www.berriozar.es\/?s={search_term_string}"},"query-input":"required name=search_term_string"}],"inLanguage":"eu-ES"}]}},"_links":{"self":[{"href":"https:\/\/www.berriozar.es\/eu\/wp-json\/wp\/v2\/eventos\/32142"}],"collection":[{"href":"https:\/\/www.berriozar.es\/eu\/wp-json\/wp\/v2\/eventos"}],"about":[{"href":"https:\/\/www.berriozar.es\/eu\/wp-json\/wp\/v2\/types\/eventos"}],"replies":[{"embeddable":true,"href":"https:\/\/www.berriozar.es\/eu\/wp-json\/wp\/v2\/comments?post=32142"}],"wp:featuredmedia":[{"embeddable":true,"href":"https:\/\/www.berriozar.es\/eu\/wp-json\/wp\/v2\/media\/32141"}],"wp:attachment":[{"href":"https:\/\/www.berriozar.es\/eu\/wp-json\/wp\/v2\/media?parent=32142"}],"curies":[{"name":"wp","href":"https:\/\/api.w.org\/{rel}","templated":true}]}}

<p><strong> Ache pa Ti taldea</strong></p>
<p>Kontzertua</p>
<p><strong>Kideak</strong>: Fermín Goñi: txistu eta tronpeta ; Jose Ramón García: pianoa eta moldaketak ; Jokin Zabalza: baxu elektrikoa ; Andoni Zugasti: congak eta perkusioa ; Dani Arias: bateria</p>
<p>&#8216;ACHE&#8217; Afrikako yoruba hizkuntzako hitz bat da, Karibe aldean erabiltzen dena. &#8216;Ache pa ti&#8217; esamoldea zorte on, oparotasun eta zoriontasun nahia litzateke, musika latinoan oso presente dagoena. Ache pa ti taldea 2002an sortu zen, ibilbide luzeko eta jatorri desberdinetako (klasikoa, jazza, folklorea) 5 musikari nafar elkartu zirenean.</p>
<ul>
<li>Sarreren salmenta atarian edo txarteldegian, emanaldiaren egunean bertan 18:00etatik aurrera, on line saldu gabeko sarrerentzat.</li>
</ul>

<!-- This site is optimized with the Yoast SEO plugin v22.8 - https://yoast.com/wordpress/plugins/seo/ -->
<title>Musika &quot;Anitz urtez - Ayuntamiento de Berriozar / Berriozarko Udala</title>
<meta name="robots" content="index, follow, max-snippet:-1, max-image-preview:large, max-video-preview:-1" />
<link rel="canonical" href="https://www.berriozar.es/eventos/musica-anitz-urtez/" />
<meta property="og:locale" content="eu_ES" />
<meta property="og:type" content="article" />
<meta property="og:title" content="Musika &quot;Anitz urtez - Ayuntamiento de Berriozar / Berriozarko Udala" />
<meta property="og:description" content=" Ache pa Ti taldea Kontzertua Kideak: Fermín Goñi: txistu eta tronpeta ; Jose Ramón García: pianoa eta moldaketak ; Jokin Zabalza: baxu elektrikoa ; Andoni Zugasti: congak eta perkusioa ; Dani Arias: bateria &#8216;ACHE&#8217; Afrikako yoruba hizkuntzako hitz bat da, Karibe aldean erabiltzen dena. &#8216;Ache pa ti&#8217; esamoldea zorte on, oparotasun eta zoriontasun nahia litzateke, [&hellip;]" />
<meta property="og:url" content="https://www.berriozar.es/eventos/musica-anitz-urtez/" />
<meta property="og:site_name" content="Ayuntamiento de Berriozar / Berriozarko Udala" />
<meta property="og:image" content="https://www.berriozar.es/wp-content/uploads/2022/01/agenda_achepati.jpg" />
	<meta property="og:image:width" content="567" />
	<meta property="og:image:height" content="340" />
	<meta property="og:image:type" content="image/jpeg" />
<meta name="twitter:card" content="summary_large_image" />
<script type="application/ld+json" class="yoast-schema-graph">{"@context":"https://schema.org","@graph":[{"@type":"WebPage","@id":"https://www.berriozar.es/eventos/musica-anitz-urtez/","url":"https://www.berriozar.es/eventos/musica-anitz-urtez/","name":"Musika \"Anitz urtez - Ayuntamiento de Berriozar / Berriozarko Udala","isPartOf":{"@id":"https://www.berriozar.es/#website"},"primaryImageOfPage":{"@id":"https://www.berriozar.es/eventos/musica-anitz-urtez/#primaryimage"},"image":{"@id":"https://www.berriozar.es/eventos/musica-anitz-urtez/#primaryimage"},"thumbnailUrl":"https://www.berriozar.es/wp-content/uploads/2022/01/agenda_achepati.jpg","datePublished":"2022-01-19T13:06:01+00:00","dateModified":"2022-01-19T13:06:01+00:00","breadcrumb":{"@id":"https://www.berriozar.es/eventos/musica-anitz-urtez/#breadcrumb"},"inLanguage":"eu-ES","potentialAction":[{"@type":"ReadAction","target":["https://www.berriozar.es/eventos/musica-anitz-urtez/"]}]},{"@type":"ImageObject","inLanguage":"eu-ES","@id":"https://www.berriozar.es/eventos/musica-anitz-urtez/#primaryimage","url":"https://www.berriozar.es/wp-content/uploads/2022/01/agenda_achepati.jpg","contentUrl":"https://www.berriozar.es/wp-content/uploads/2022/01/agenda_achepati.jpg","width":567,"height":340,"caption":"agenda_achepati"},{"@type":"BreadcrumbList","@id":"https://www.berriozar.es/eventos/musica-anitz-urtez/#breadcrumb","itemListElement":[{"@type":"ListItem","position":1,"name":"Portada","item":"https://www.berriozar.es/"},{"@type":"ListItem","position":2,"name":"Eventos","item":"https://www.berriozar.es/eventos/"},{"@type":"ListItem","position":3,"name":"Musika «Anitz urtez"}]},{"@type":"WebSite","@id":"https://www.berriozar.es/#website","url":"https://www.berriozar.es/","name":"Ayuntamiento de Berriozar / Berriozarko Udala","description":"Ayuntamiento de Berriozar / Berriozarko Udala","potentialAction":[{"@type":"SearchAction","target":{"@type":"EntryPoint","urlTemplate":"https://www.berriozar.es/?s={search_term_string}"},"query-input":"required name=search_term_string"}],"inLanguage":"eu-ES"}]}</script>
<!-- / Yoast SEO plugin. -->

Ache pa Ti taldea Kontzertua Kideak: Fermín Goñi: txistu eta tronpeta ; Jose Ramón García: pianoa eta moldaketak ; Jokin Zabalza: baxu elektrikoa ; Andoni Zugasti: congak eta perkusioa ; Dani Arias: bateria &#8216;ACHE&#8217; Afrikako yoruba hizkuntzako hitz bat da, Karibe aldean erabiltzen dena. &#8216;Ache pa ti&#8217; esamoldea zorte on, oparotasun eta zoriontasun nahia litzateke, [&hellip;]
